{"id":35259,"date":"2023-07-12T12:00:38","date_gmt":"2023-07-12T10:00:38","guid":{"rendered":"https:\/\/palmaarredamenti.it\/?post_type=product&#038;p=35259"},"modified":"2023-07-19T19:17:07","modified_gmt":"2023-07-19T17:17:07","slug":"veneta-cucine-mod-iconica","status":"publish","type":"product","link":"https:\/\/palmaarredamenti.it\/?product=veneta-cucine-mod-iconica","title":{"rendered":"VENETA CUCINE MOD.  ICONICA"},"content":{"rendered":"<h3 style=\"text-align: center;\"><strong>DESCRIZIONE E DIMENSIONI<\/strong><\/h3>\n<p style=\"text-align: center;\"><strong>COLONNE<\/strong><\/p>\n<p style=\"text-align: center;\">L.309,8\u00a0 H.218\u00a0 P.63<br \/>\nGOLA E ZOCCOLO H.8 ALLUMINIO ACCIAIO<br \/>\nCOLONNE P.63 BIANCO SOFT (900)<br \/>\nFUSTO PREMIUM SCURO (303)<br \/>\nCOLONNA SUNSET A TERRA VETRO FUME\u2019 CON SERIGRAFIA NERA<\/p>\n<p>&nbsp;<\/p>\n<p style=\"text-align: center;\"><strong>ISOLA<\/strong><\/p>\n<p style=\"text-align: center;\">(COMPRESI ELETTRODOMESTICI)<br \/>\nL.249,8 H.91 P.108<br \/>\nTOP CARANTO KER IN MASSA SP.2 CALAC. STATUARIO LUCIDO (C51)<br \/>\nBASI GRIGIO CHIARO SOFT (905)<br \/>\nFUSTO PREMIUM SCURO (303)<br \/>\nZOCCOLO H.8 E GOLE ALLUMINIO ACCIAIO<\/p>\n","protected":false},"excerpt":{"rendered":"<p>Iconica propone una nuova visione estetica e la rottura degli schemi compositivi classici attraverso l\u2019assenza del profilo superiore sulle basi e l\u2019utilizzo di un sistema di allineamenti che supera il tradizionale modo di pensare il progetto.<\/p>\n<p>Una nuova rappresentazione, resa possibile dall\u2019utilizzo del profilo per l\u2019apertura solo a livello intermedio che offre una visione senza soluzione di continuit\u00e0 tra top e frontale e dai cassetti che creano nuovi volumi e generano illimitate varianti estetiche.<\/p>\n<p>Iconica \u00e8 sinonimo di novit\u00e0 !<\/p>\n","protected":false},"featured_media":35284,"template":"","meta":[],"product_brand":[149],"product_cat":[146],"product_tag":[495,496],"class_list":{"0":"post-35259","1":"product","2":"type-product","3":"status-publish","4":"has-post-thumbnail","6":"product_brand-veneta","7":"product_cat-cucine","8":"product_tag-cucina-iconica","9":"product_tag-veneta-cucine-iconica","12":"first","13":"instock","14":"taxable","15":"shipping-taxable","16":"product-type-simple"},"yoast_head":"<!-- This site is optimized with the Yoast SEO plugin v26.9 - https:\/\/yoast.com\/product\/yoast-seo-wordpress\/ -->\n<title>VENETA CUCINE MOD. ICONICA - Palma Arredamenti<\/title>\n<meta name=\"robots\" content=\"index, follow, max-snippet:-1, max-image-preview:large, max-video-preview:-1\" \/>\n<link rel=\"canonical\" href=\"https:\/\/palmaarredamenti.it\/?product=veneta-cucine-mod-iconica\" \/>\n<meta property=\"og:locale\" content=\"it_IT\" \/>\n<meta property=\"og:type\" content=\"article\" \/>\n<meta property=\"og:title\" content=\"VENETA CUCINE MOD. ICONICA - Palma Arredamenti\" \/>\n<meta property=\"og:description\" content=\"Iconica propone una nuova visione estetica e la rottura degli schemi compositivi classici attraverso l\u2019assenza del profilo superiore sulle basi e l\u2019utilizzo di un sistema di allineamenti che supera il tradizionale modo di pensare il progetto.  Una nuova rappresentazione, resa possibile dall\u2019utilizzo del profilo per l\u2019apertura solo a livello intermedio che offre una visione senza soluzione di continuit\u00e0 tra top e frontale e dai cassetti che creano nuovi volumi e generano illimitate varianti estetiche.  Iconica \u00e8 sinonimo di novit\u00e0 !\" \/>\n<meta property=\"og:url\" content=\"https:\/\/palmaarredamenti.it\/?product=veneta-cucine-mod-iconica\" \/>\n<meta property=\"og:site_name\" content=\"Palma Arredamenti\" \/>\n<meta property=\"article:modified_time\" content=\"2023-07-19T17:17:07+00:00\" \/>\n<meta property=\"og:image\" content=\"https:\/\/palmaarredamenti.it\/wp-content\/uploads\/2023\/07\/7CD7537B-E132-40DD-B133-FD76618D9773.jpg\" \/>\n\t<meta property=\"og:image:width\" content=\"1920\" \/>\n\t<meta property=\"og:image:height\" content=\"1920\" \/>\n\t<meta property=\"og:image:type\" content=\"image\/jpeg\" \/>\n<meta name=\"twitter:card\" content=\"summary_large_image\" \/>\n<meta name=\"twitter:label1\" content=\"Tempo di lettura stimato\" \/>\n\t<meta name=\"twitter:data1\" content=\"1 minuto\" \/>\n<script type=\"application\/ld+json\" class=\"yoast-schema-graph\">{\"@context\":\"https:\/\/schema.org\",\"@graph\":[{\"@type\":\"WebPage\",\"@id\":\"https:\/\/palmaarredamenti.it\/?product=veneta-cucine-mod-iconica\",\"url\":\"https:\/\/palmaarredamenti.it\/?product=veneta-cucine-mod-iconica\",\"name\":\"VENETA CUCINE MOD. ICONICA - Palma Arredamenti\",\"isPartOf\":{\"@id\":\"https:\/\/palmaarredamenti.it\/#website\"},\"primaryImageOfPage\":{\"@id\":\"https:\/\/palmaarredamenti.it\/?product=veneta-cucine-mod-iconica#primaryimage\"},\"image\":{\"@id\":\"https:\/\/palmaarredamenti.it\/?product=veneta-cucine-mod-iconica#primaryimage\"},\"thumbnailUrl\":\"https:\/\/palmaarredamenti.it\/wp-content\/uploads\/2023\/07\/7CD7537B-E132-40DD-B133-FD76618D9773.jpg\",\"datePublished\":\"2023-07-12T10:00:38+00:00\",\"dateModified\":\"2023-07-19T17:17:07+00:00\",\"breadcrumb\":{\"@id\":\"https:\/\/palmaarredamenti.it\/?product=veneta-cucine-mod-iconica#breadcrumb\"},\"inLanguage\":\"it-IT\",\"potentialAction\":[{\"@type\":\"ReadAction\",\"target\":[\"https:\/\/palmaarredamenti.it\/?product=veneta-cucine-mod-iconica\"]}]},{\"@type\":\"ImageObject\",\"inLanguage\":\"it-IT\",\"@id\":\"https:\/\/palmaarredamenti.it\/?product=veneta-cucine-mod-iconica#primaryimage\",\"url\":\"https:\/\/palmaarredamenti.it\/wp-content\/uploads\/2023\/07\/7CD7537B-E132-40DD-B133-FD76618D9773.jpg\",\"contentUrl\":\"https:\/\/palmaarredamenti.it\/wp-content\/uploads\/2023\/07\/7CD7537B-E132-40DD-B133-FD76618D9773.jpg\",\"width\":1920,\"height\":1920},{\"@type\":\"BreadcrumbList\",\"@id\":\"https:\/\/palmaarredamenti.it\/?product=veneta-cucine-mod-iconica#breadcrumb\",\"itemListElement\":[{\"@type\":\"ListItem\",\"position\":1,\"name\":\"Home\",\"item\":\"https:\/\/palmaarredamenti.it\/\"},{\"@type\":\"ListItem\",\"position\":2,\"name\":\"Shop\",\"item\":\"https:\/\/palmaarredamenti.it\/?page_id=11\"},{\"@type\":\"ListItem\",\"position\":3,\"name\":\"VENETA CUCINE MOD. ICONICA\"}]},{\"@type\":\"WebSite\",\"@id\":\"https:\/\/palmaarredamenti.it\/#website\",\"url\":\"https:\/\/palmaarredamenti.it\/\",\"name\":\"Palma Arredamenti\",\"description\":\"Interior design &amp; more\",\"publisher\":{\"@id\":\"https:\/\/palmaarredamenti.it\/#organization\"},\"potentialAction\":[{\"@type\":\"SearchAction\",\"target\":{\"@type\":\"EntryPoint\",\"urlTemplate\":\"https:\/\/palmaarredamenti.it\/?s={search_term_string}\"},\"query-input\":{\"@type\":\"PropertyValueSpecification\",\"valueRequired\":true,\"valueName\":\"search_term_string\"}}],\"inLanguage\":\"it-IT\"},{\"@type\":\"Organization\",\"@id\":\"https:\/\/palmaarredamenti.it\/#organization\",\"name\":\"Palma Arredamenti\",\"url\":\"https:\/\/palmaarredamenti.it\/\",\"logo\":{\"@type\":\"ImageObject\",\"inLanguage\":\"it-IT\",\"@id\":\"https:\/\/palmaarredamenti.it\/#\/schema\/logo\/image\/\",\"url\":\"https:\/\/palmaarredamenti.it\/wp-content\/uploads\/2022\/06\/logo.png\",\"contentUrl\":\"https:\/\/palmaarredamenti.it\/wp-content\/uploads\/2022\/06\/logo.png\",\"width\":600,\"height\":132,\"caption\":\"Palma Arredamenti\"},\"image\":{\"@id\":\"https:\/\/palmaarredamenti.it\/#\/schema\/logo\/image\/\"}}]}<\/script>\n<!-- \/ Yoast SEO plugin. -->","yoast_head_json":{"title":"VENETA CUCINE MOD. ICONICA - Palma Arredamenti","robots":{"index":"index","follow":"follow","max-snippet":"max-snippet:-1","max-image-preview":"max-image-preview:large","max-video-preview":"max-video-preview:-1"},"canonical":"https:\/\/palmaarredamenti.it\/?product=veneta-cucine-mod-iconica","og_locale":"it_IT","og_type":"article","og_title":"VENETA CUCINE MOD. ICONICA - Palma Arredamenti","og_description":"Iconica propone una nuova visione estetica e la rottura degli schemi compositivi classici attraverso l\u2019assenza del profilo superiore sulle basi e l\u2019utilizzo di un sistema di allineamenti che supera il tradizionale modo di pensare il progetto.  Una nuova rappresentazione, resa possibile dall\u2019utilizzo del profilo per l\u2019apertura solo a livello intermedio che offre una visione senza soluzione di continuit\u00e0 tra top e frontale e dai cassetti che creano nuovi volumi e generano illimitate varianti estetiche.  Iconica \u00e8 sinonimo di novit\u00e0 !","og_url":"https:\/\/palmaarredamenti.it\/?product=veneta-cucine-mod-iconica","og_site_name":"Palma Arredamenti","article_modified_time":"2023-07-19T17:17:07+00:00","og_image":[{"width":1920,"height":1920,"url":"https:\/\/palmaarredamenti.it\/wp-content\/uploads\/2023\/07\/7CD7537B-E132-40DD-B133-FD76618D9773.jpg","type":"image\/jpeg"}],"twitter_card":"summary_large_image","twitter_misc":{"Tempo di lettura stimato":"1 minuto"},"schema":{"@context":"https:\/\/schema.org","@graph":[{"@type":"WebPage","@id":"https:\/\/palmaarredamenti.it\/?product=veneta-cucine-mod-iconica","url":"https:\/\/palmaarredamenti.it\/?product=veneta-cucine-mod-iconica","name":"VENETA CUCINE MOD. ICONICA - Palma Arredamenti","isPartOf":{"@id":"https:\/\/palmaarredamenti.it\/#website"},"primaryImageOfPage":{"@id":"https:\/\/palmaarredamenti.it\/?product=veneta-cucine-mod-iconica#primaryimage"},"image":{"@id":"https:\/\/palmaarredamenti.it\/?product=veneta-cucine-mod-iconica#primaryimage"},"thumbnailUrl":"https:\/\/palmaarredamenti.it\/wp-content\/uploads\/2023\/07\/7CD7537B-E132-40DD-B133-FD76618D9773.jpg","datePublished":"2023-07-12T10:00:38+00:00","dateModified":"2023-07-19T17:17:07+00:00","breadcrumb":{"@id":"https:\/\/palmaarredamenti.it\/?product=veneta-cucine-mod-iconica#breadcrumb"},"inLanguage":"it-IT","potentialAction":[{"@type":"ReadAction","target":["https:\/\/palmaarredamenti.it\/?product=veneta-cucine-mod-iconica"]}]},{"@type":"ImageObject","inLanguage":"it-IT","@id":"https:\/\/palmaarredamenti.it\/?product=veneta-cucine-mod-iconica#primaryimage","url":"https:\/\/palmaarredamenti.it\/wp-content\/uploads\/2023\/07\/7CD7537B-E132-40DD-B133-FD76618D9773.jpg","contentUrl":"https:\/\/palmaarredamenti.it\/wp-content\/uploads\/2023\/07\/7CD7537B-E132-40DD-B133-FD76618D9773.jpg","width":1920,"height":1920},{"@type":"BreadcrumbList","@id":"https:\/\/palmaarredamenti.it\/?product=veneta-cucine-mod-iconica#breadcrumb","itemListElement":[{"@type":"ListItem","position":1,"name":"Home","item":"https:\/\/palmaarredamenti.it\/"},{"@type":"ListItem","position":2,"name":"Shop","item":"https:\/\/palmaarredamenti.it\/?page_id=11"},{"@type":"ListItem","position":3,"name":"VENETA CUCINE MOD. ICONICA"}]},{"@type":"WebSite","@id":"https:\/\/palmaarredamenti.it\/#website","url":"https:\/\/palmaarredamenti.it\/","name":"Palma Arredamenti","description":"Interior design &amp; more","publisher":{"@id":"https:\/\/palmaarredamenti.it\/#organization"},"potentialAction":[{"@type":"SearchAction","target":{"@type":"EntryPoint","urlTemplate":"https:\/\/palmaarredamenti.it\/?s={search_term_string}"},"query-input":{"@type":"PropertyValueSpecification","valueRequired":true,"valueName":"search_term_string"}}],"inLanguage":"it-IT"},{"@type":"Organization","@id":"https:\/\/palmaarredamenti.it\/#organization","name":"Palma Arredamenti","url":"https:\/\/palmaarredamenti.it\/","logo":{"@type":"ImageObject","inLanguage":"it-IT","@id":"https:\/\/palmaarredamenti.it\/#\/schema\/logo\/image\/","url":"https:\/\/palmaarredamenti.it\/wp-content\/uploads\/2022\/06\/logo.png","contentUrl":"https:\/\/palmaarredamenti.it\/wp-content\/uploads\/2022\/06\/logo.png","width":600,"height":132,"caption":"Palma Arredamenti"},"image":{"@id":"https:\/\/palmaarredamenti.it\/#\/schema\/logo\/image\/"}}]}},"_links":{"self":[{"href":"https:\/\/palmaarredamenti.it\/index.php?rest_route=\/wp\/v2\/product\/35259","targetHints":{"allow":["GET"]}}],"collection":[{"href":"https:\/\/palmaarredamenti.it\/index.php?rest_route=\/wp\/v2\/product"}],"about":[{"href":"https:\/\/palmaarredamenti.it\/index.php?rest_route=\/wp\/v2\/types\/product"}],"wp:featuredmedia":[{"embeddable":true,"href":"https:\/\/palmaarredamenti.it\/index.php?rest_route=\/wp\/v2\/media\/35284"}],"wp:attachment":[{"href":"https:\/\/palmaarredamenti.it\/index.php?rest_route=%2Fwp%2Fv2%2Fmedia&parent=35259"}],"wp:term":[{"taxonomy":"product_brand","embeddable":true,"href":"https:\/\/palmaarredamenti.it\/index.php?rest_route=%2Fwp%2Fv2%2Fproduct_brand&post=35259"},{"taxonomy":"product_cat","embeddable":true,"href":"https:\/\/palmaarredamenti.it\/index.php?rest_route=%2Fwp%2Fv2%2Fproduct_cat&post=35259"},{"taxonomy":"product_tag","embeddable":true,"href":"https:\/\/palmaarredamenti.it\/index.php?rest_route=%2Fwp%2Fv2%2Fproduct_tag&post=35259"}],"curies":[{"name":"wp","href":"https:\/\/api.w.org\/{rel}","templated":true}]}}

<p>Iconica propone una nuova visione estetica e la rottura degli schemi compositivi classici attraverso l’assenza del profilo superiore sulle basi e l’utilizzo di un sistema di allineamenti che supera il tradizionale modo di pensare il progetto.</p>
<p>Una nuova rappresentazione, resa possibile dall’utilizzo del profilo per l’apertura solo a livello intermedio che offre una visione senza soluzione di continuità tra top e frontale e dai cassetti che creano nuovi volumi e generano illimitate varianti estetiche.</p>
<p>Iconica è sinonimo di novità !</p>

<!-- This site is optimized with the Yoast SEO plugin v26.9 - https://yoast.com/product/yoast-seo-wordpress/ -->
<title>VENETA CUCINE MOD. ICONICA - Palma Arredamenti</title>
<meta name="robots" content="index, follow, max-snippet:-1, max-image-preview:large, max-video-preview:-1" />
<link rel="canonical" href="https://palmaarredamenti.it/?product=veneta-cucine-mod-iconica" />
<meta property="og:locale" content="it_IT" />
<meta property="og:type" content="article" />
<meta property="og:title" content="VENETA CUCINE MOD. ICONICA - Palma Arredamenti" />
<meta property="og:description" content="Iconica propone una nuova visione estetica e la rottura degli schemi compositivi classici attraverso l’assenza del profilo superiore sulle basi e l’utilizzo di un sistema di allineamenti che supera il tradizionale modo di pensare il progetto.  Una nuova rappresentazione, resa possibile dall’utilizzo del profilo per l’apertura solo a livello intermedio che offre una visione senza soluzione di continuità tra top e frontale e dai cassetti che creano nuovi volumi e generano illimitate varianti estetiche.  Iconica è sinonimo di novità !" />
<meta property="og:url" content="https://palmaarredamenti.it/?product=veneta-cucine-mod-iconica" />
<meta property="og:site_name" content="Palma Arredamenti" />
<meta property="article:modified_time" content="2023-07-19T17:17:07+00:00" />
<meta property="og:image" content="https://palmaarredamenti.it/wp-content/uploads/2023/07/7CD7537B-E132-40DD-B133-FD76618D9773.jpg" />
	<meta property="og:image:width" content="1920" />
	<meta property="og:image:height" content="1920" />
	<meta property="og:image:type" content="image/jpeg" />
<meta name="twitter:card" content="summary_large_image" />
<meta name="twitter:label1" content="Tempo di lettura stimato" />
	<meta name="twitter:data1" content="1 minuto" />
<script type="application/ld+json" class="yoast-schema-graph">{"@context":"https://schema.org","@graph":[{"@type":"WebPage","@id":"https://palmaarredamenti.it/?product=veneta-cucine-mod-iconica","url":"https://palmaarredamenti.it/?product=veneta-cucine-mod-iconica","name":"VENETA CUCINE MOD. ICONICA - Palma Arredamenti","isPartOf":{"@id":"https://palmaarredamenti.it/#website"},"primaryImageOfPage":{"@id":"https://palmaarredamenti.it/?product=veneta-cucine-mod-iconica#primaryimage"},"image":{"@id":"https://palmaarredamenti.it/?product=veneta-cucine-mod-iconica#primaryimage"},"thumbnailUrl":"https://palmaarredamenti.it/wp-content/uploads/2023/07/7CD7537B-E132-40DD-B133-FD76618D9773.jpg","datePublished":"2023-07-12T10:00:38+00:00","dateModified":"2023-07-19T17:17:07+00:00","breadcrumb":{"@id":"https://palmaarredamenti.it/?product=veneta-cucine-mod-iconica#breadcrumb"},"inLanguage":"it-IT","potentialAction":[{"@type":"ReadAction","target":["https://palmaarredamenti.it/?product=veneta-cucine-mod-iconica"]}]},{"@type":"ImageObject","inLanguage":"it-IT","@id":"https://palmaarredamenti.it/?product=veneta-cucine-mod-iconica#primaryimage","url":"https://palmaarredamenti.it/wp-content/uploads/2023/07/7CD7537B-E132-40DD-B133-FD76618D9773.jpg","contentUrl":"https://palmaarredamenti.it/wp-content/uploads/2023/07/7CD7537B-E132-40DD-B133-FD76618D9773.jpg","width":1920,"height":1920},{"@type":"BreadcrumbList","@id":"https://palmaarredamenti.it/?product=veneta-cucine-mod-iconica#breadcrumb","itemListElement":[{"@type":"ListItem","position":1,"name":"Home","item":"https://palmaarredamenti.it/"},{"@type":"ListItem","position":2,"name":"Shop","item":"https://palmaarredamenti.it/?page_id=11"},{"@type":"ListItem","position":3,"name":"VENETA CUCINE MOD. ICONICA"}]},{"@type":"WebSite","@id":"https://palmaarredamenti.it/#website","url":"https://palmaarredamenti.it/","name":"Palma Arredamenti","description":"Interior design &amp; more","publisher":{"@id":"https://palmaarredamenti.it/#organization"},"potentialAction":[{"@type":"SearchAction","target":{"@type":"EntryPoint","urlTemplate":"https://palmaarredamenti.it/?s={search_term_string}"},"query-input":{"@type":"PropertyValueSpecification","valueRequired":true,"valueName":"search_term_string"}}],"inLanguage":"it-IT"},{"@type":"Organization","@id":"https://palmaarredamenti.it/#organization","name":"Palma Arredamenti","url":"https://palmaarredamenti.it/","logo":{"@type":"ImageObject","inLanguage":"it-IT","@id":"https://palmaarredamenti.it/#/schema/logo/image/","url":"https://palmaarredamenti.it/wp-content/uploads/2022/06/logo.png","contentUrl":"https://palmaarredamenti.it/wp-content/uploads/2022/06/logo.png","width":600,"height":132,"caption":"Palma Arredamenti"},"image":{"@id":"https://palmaarredamenti.it/#/schema/logo/image/"}}]}</script>
<!-- / Yoast SEO plugin. -->

Iconica propone una nuova visione estetica e la rottura degli schemi compositivi classici attraverso l’assenza del profilo superiore sulle basi e l’utilizzo di un sistema di allineamenti che supera il tradizionale modo di pensare il progetto.  Una nuova rappresentazione, resa possibile dall’utilizzo del profilo per l’apertura solo a livello intermedio che offre una visione senza soluzione di continuità tra top e frontale e dai cassetti che creano nuovi volumi e generano illimitate varianti estetiche.  Iconica è sinonimo di novità !
